at is n(9)?
4
Let z(r) = -r**2 - 14*r - 53. Determine z(-13).
-40
Let i(s) = 2*s**3 + s**2 - s. Determine i(2).
18
Let z(v) = -23*v**3 + v - 1. Determine z(1).
-23
Let m(t) = -14*t + 174. What is m(10)?
34
Let t(i) = -i**2 + 5*i. What is t(-5)?
-50
Let h(o) = 12*o + 2. Give h(-4).
-46
Let q(i) = i**2 + 6*i + 11. What is q(0)?
11
Let x(u) = 112*u - 7. Calculate x(2).
217
Let t(x) = 2*x**2 + 85*x + 119. Determine t(-41).
-4
Let r(d) = 2*d**2 - 27*d + 31. Calculate r(11).
-24
Let y(r) = r**3 - 13*r**2 - 2*r + 24. Calculate y(13).
-2
Let v(h) = -h**3 - 7*h**2 - 12*h - 11. Determine v(-5).
-1
Let b(g) = 4*g - 13. Determine b(5).
7
Let v(x) = 2*x - 17. Calculate v(6).
-5
Let c(d) = 2*d - 4. Calculate c(-4).
-12
Let i(z) = -16*z - 740. Determine i(-46).
-4
Let o(n) = -2*n**2 + 5*n - 19. Give o(3).
-22
Let l(r) = 16*r - 22. What is l(2)?
10
Let b(v) = v**3 + 33*v**2 - 32*v + 150. Determine b(-34).
82
Let o(a) = 4*a + 48. Give o(-22).
-40
Let s(j) = -j**3 + 29*j**2 - 4*j + 120. Calculate s(29).
4
Let n(t) = 5*t**2 - 54*t + 55. Determine n(1).
6
Let s(n) = n**3 - 15*n**2 - 9*n + 151. Calculate s(15).
16
Let k(y) = 2*y - 87. What is k(41)?
-5
Let y(q) = -6*q - 205. What is y(-29)?
-31
Let m(o) = o**2 - 5*o - 99. Give m(-8).
5
Let p(b) = b**3 - b**2 + 2*b + 10. Calculate p(0).
10
Let k(r) = r**3 + 10*r**2 + 20*r + 194. Give k(-10).
-6
Let m(z) = -z - 3. What is m(-4)?
1
Let x(q) = -9*q + 19. Determine x(3).
-8
Let d(w) = w**3 - 9*w**2 + 17*w - 14. Give d(6).
-20
Let z(i) = -i**2 - 3*i - 8. Calculate z(-5).
-18
Let b(i) = -i - 40. What is b(-12)?
-28
Let w(o) = o**3 - 18*o**2 - 18*o - 35. Give w(19).
-16
Let j(m) = -63*m + 1014. What is j(16)?
6
Let y(l) = l**3 - 22*l**2 + 44*l - 68. Calculate y(20).
12
Let b(u) = u**3 + 15*u**2 + 26*u + 15. Give b(-13).
15
Let t(m) = 2*m**2 + 28*m + 71. Determine t(-3).
5
Let w(s) = -3*s - 19. Give w(-6).
-1
Let p(b) = -10*b - 4. What is p(-3)?
26
Let z(m) = -m + 1. Calculate z(9).
-8
Let j(h) = h**3 - 23*h**2 - 22*h - 44. Give j(24).
4
Let g(u) = -2*u + 27. What is g(14)?
-1
Let k(d) = -d**3 - 7*d**2 - 3*d + 4. Determine k(-3).
-23
Let h(p) = -12*p - 17. Calculate h(-2).
7
Let y(j) = 3*j + 13. Determine y(-3).
4
Let z(o) = -o**2 - 20*o - 57. Determine z(-17).
-6
Let m(k) = -k**3 - k**2 + k + 2. Calculate m(-2).
4
Let w(z) = -z**3 - 13*z**2 + 15*z + 20. Calculate w(-14).
6
Let c(w) = 3*w - 10. Calculate c(9).
17
Let n(v) = -v**2 + 20*v - 31. What is n(18)?
5
Let m(d) = d. Determine m(-7).
-7
Let l(z) = -15*z - 308. Give l(-21).
7
Let p(u) = u**2 - 10*u + 14. What is p(11)?
25
Let u(q) = -26*q - 78. Calculate u(-4).
26
Let h(v) = -v**2 + 11*v - 6. Calculate h(10).
4
Let l(d) = -d + 7. Give l(-10).
17
Let b(a) = -4*a + 49. What is b(12)?
1
Let w(y) = 4*y - 22. Give w(7).
6
Let x(y) = -y**2 + 15*y - 27. Determine x(12).
9
Let l(h) = h**3 + 4*h**2 + h + 3. Determine l(-3).
9
Let x(n) = -n + 13. Calculate x(-7).
20
Let k(t) = -20*t + 189. Calculate k(10).
-11
Let d(a) = -4*a - 6. Give d(3).
-18
Let l(i) = -i**2 + 37*i - 210. Determine l(7).
0
Let m(v) = 10*v**3 - 3*v**2 - 3*v. What is m(-1)?
-10
Let m(p) = -23*p**3 + 2*p**2 - 2*p + 1. Determine m(1).
-22
Let k(t) = t**3 + 8*t**2 - 9. Determine k(-8).
-9
Let v(x) = -x**3 - 6*x**2 + x + 15. Calculate v(-5).
-15
Let d(q) = 3*q**2 - 9*q + 8. Give d(5).
38
Let p(g) = 18*g + 28. Give p(-5).
-62
Let v(q) = -q**3 + q**2. Determine v(1).
0
Let f(u) = u**3 + 47*u**2 + 210*u + 9. Determine f(-42).
9
Let u(f) = 10*f - 80. What is u(9)?
10
Let u(o) = -o**2 + 25*o - 70. Calculate u(6).
44
Let p(g) = -g**3 - 2*g**2 + 8*g + 10. Determine p(-4).
10
Let i(h) = -2*h**3 + 2*h**2 - 4*h + 9. Calculate i(2).
-7
Let r(f) = -f + 11. What is r(7)?
4
Let m(y) = -y**3 - 2*y**2 - 2. What is m(3)?
-47
Let k(y) = -7*y**2 - 80*y + 13. What is k(-12)?
-35
Let y(a) = -4*a**3. What is y(2)?
-32
Let o(k) = 5*k + 75. Determine o(-16).
-5
Let d(h) = -h**3 - 8*h**2 + 11*h + 12. Give d(-9).
-6
Let a(i) = 8*i + 8. Determine a(-2).
-8
Let v(a) = -53*a**2 - 3*a + 1. Calculate v(1).
-55
Let d(j) = -j**3 + 20*j**2 - 22*j + 39. What is d(19)?
-18
Let a(g) = g**2 - 17*g + 41. Determine a(19).
79
Let f(h) = 2*h**2 + h + 3. What is f(-6)?
69
Let b(o) = -o**3 + 2*o**2 + 7*o - 6. Determine b(4).
-10
Let i(c) = -3*c**2 + 17*c - 16. What is i(5)?
-6
Let m(t) = -29*t**2 + 12*t + 10. Determine m(-1).
-31
Let w(i) = 2*i**2 + 47*i - 6. What is w(-24)?
18
Let n(y) = -y**2 + 12*y - 34. Calculate n(5).
1
Let k(x) = 2*x**3 - x**2 - 9*x + 7. What is k(3)?
25
Let v(j) = 4*j**3 - 11*j**2 + 10*j - 11. What is v(2)?
-3
Let y(n) = -n**2 - 19*n + 22. Give y(-18).
40
Let c(y) = -y**3 - 13*y**2 + 14*y + 7. Give c(-14).
7
Let i(v) = v**2 - 13*v + 15. Give i(8).
-25
Let w(o) = 2*o**2 + o + 10. Determine w(-7).
101
Let m(o) = -29*o - 409. Give m(-14).
-3
Let l(k) = k - 19. What is l(18)?
-1
Let q(v) = 38*v + 263. What is q(-7)?
-3
Let y(r) = -r**2 + 13*r + 34. Calculate y(15).
4
Let z(m) = -5*m + 1. Determine z(-3).
16
Let v(l) = 6*l**2 + 7*l. Give v(-5).
115
Let r(j) = -j**2 - 4*j - 1. What is r(3)?
-22
Let d(i) = -4*i - 131. Give d(-37).
17
Let i(f) = 17*f**3 + f**2. Determine i(1).
18
Let t(q) = -4*q**2 - 3*q + 14. Give t(-2).
4
Let r(a) = -a**2 - 9*a - 4. What is r(-6)?
14
Let m(v) = -v**2 - 15*v - 53. Calculate m(-7).
3
Let d(z) = -z**3 + 21*z**2 - 13. Give d(21).
-13
Let u(c) = -c**3 + 22*c**2 + 31*c - 170. What is u(23)?
14
Let x(v) = v - 1. Determine x(5).
4
Let q(f) = f**2 + 5*f + 3. Calculate q(-4).
-1
Let q(t) = 4*t**3 - 10. What is q(-3)?
-118
Let n(g) = g - 4. Calculate n(4).
0
Let l(i) = -2*i**2 + 3*i + 1. Calculate l(3).
-8
Let u(i) = -i**2 - i + 11. Calculate u(3).
-1
Let l(x) = x**2 + 6*x - 3. Determine l(-6).
-3
Let p(t) = -t**3 - 3*t**2 + 5. Calculate p(-4).
21
Let v(d) = d**3 + 6*d**2 + 2*d. What is v(-5)?
15
Let t(y) = -18*y + 2. Determine t(-1).
20
Let m(n) = -2*n - 6. Give m(4).
-14
Let i(o) = o**2 + 2*o - 31. Calculate i(-7).
4
Let p(u) = -10*u**3 - 2*u**2 - 4*u - 2. Calculate p(-1).
10
Let w(l) = -2*l**3 - 6*l**2 - 6*l - 42. Calculate w(-4).
14
Let o(i) = -2*i**2 + 6*i - 5. What is o(4)?
-13
Let l(r) = 4*r**3 + 60*r**2 - 2. Calculate l(-15).
-2
Let l(k) = -k**3 + 8*k**2 + 22*k - 10. Determine l(10).
10
Let u(b) = b**2 - 19. What is u(4)?
-3
Let h(b) = b**2 + 3*b - 1. Give h(-2).
-3
Let c(j) = -3*j - 8. What is c(-5)?
7
Let z(v) = -v**2 - 15*v + 50. Determine z(-18).
-4
Let l(n) = -n**2 - 2*n + 29. What is l(5)?
-6
Let v(g) = -g**3 - 16*g**2 - 13*g - 5. What is v(-15)?
-35
Let r(f) = f**2 + 5*f + 6. What is r(-2)?
0
Let l(s) = -s**3 - 6*s**2 - 5. What is l(-5)?
-30
Let u(d) = d**2 - 14*d + 33. What is u(9)?
-12
Let t(d) = -4*d**3 - d**2 + 2*d - 4. Determine t(3).
-115
Let z(s) = -4*s**2 - 38*s - 68. Determine z(-2).
-8
Let b(v) = -5*v - 169. Give b(-33).
-4
Let l(c) = -2*c + 6. Give l(7).
-8
Let p(u) = -u**2 + u - 2. Give p(4).
-14
Let x(z) = 8*z - 2. Calculate x(1).
6
Let o(m) = 4*m - 85. What is o(20)?
-5
Let u(i) = -2*i. What is u(2)?
-4
Let o(f) = 6*f + 3. Determine o(3).
21
Let y(s) = -5*s + 38. Give y(8).
-2
Let l(t) = -t + 18. Give l(-12).
30
Let x(t) = t**2 - 11*t + 16. Give x(9).
-2
Let d(v) = -v**3 - 11*v**2 - 11*v + 6. Determine d(-10).
16
Let n(v) = v**2 - 14*v + 6. Determine n(13).
-7
Let d(i) = 2*i + 2. What is d(-1)?
0
Let s(z) = z**2 - 41*z + 286. Give s(9).
-2
Let m(d) = -2*d**3 - 7*d**2 - 4*d + 8. Determine m(-4).
40
Let q(f) = -f**2 + 2*f + 1. Give q(-2).
-7
Let v(u) = -42*u + 661. Calculate v(16).
-11
Let x(n) = -n**3 + 15*n**2 - 49*n + 12. Calculate x(5).
17
Let t(l) = -2*l**3 + l + 6. Calculate t(2).
-8
Let b(y) = y**3 + 3*y**2 - 6*y - 7. Give b(-4).
1
Let p(j) = 11*j. Calculate p(-2).
-22
Let q(n) = 4*n**3 - 17*n + 27. Calculate q(2).
25
Let s(m) = -8*m + 194. Calculate s(24).
2
Let s(y) = 2*y**2 + 12*y - 7. Give s(-6).
-7
Let n(u) = u**2 + 4*u. Determine n(-5).
5
Let f(g) = -g**3 - 6*g**2 + 9*g - 1. Determine f(-7).
-15
Let s(v) = v**3 + v**2 - 8*v - 7. What is s(0)?
-7
Let n(s) = s**2 - 28*s + 113. What is n(23)?
-2
Let t(n) = n**2 + 9. Give t(0).
9
Let u(q) = q**3 - q**2 + 4*q + 3. What is u(-2)?
-17
Let j(i) = -i**2 + 4*i - 14. Calculate j(-7).
-91
Let i(z) = -6*z**2 + 11*z + 27. What is i(-4)?
-113
Let v(s) = s - 3. Give v(13).
10
Let p(d) = -d**3 + 33*d**2 + 68*d + 74. Determine p(35).
4
Let